s 3 - -1331232?
1331301
In base 2, what is 100010010001 + -10001000?
100000001001
In base 13, what is -5 + 408c?
4087
In base 9, what is 53275 + 6?
53282
In base 5, what is -23320 + 124?
-23141
In base 16, what is 2 - -13848?
1384a
In base 9, what is -1444 - 347?
-1802
In base 13, what is -5 - 405b?
-4063
In base 6, what is -1113 - -5441?
4324
In base 12, what is 5488a - -3?
54891
In base 15, what is 10919 - 1?
10918
In base 2, what is 101100111111 + 10101?
101101010100
In base 10, what is 5872 + 10?
5882
In base 14, what is -5 - -49?
44
In base 4, what is -3220023 + -130?
-3220213
In base 11, what is 1a842 + 0?
1a842
In base 11, what is 2 - -318a5?
318a7
In base 10, what is -162 + 45384?
45222
In base 13, what is 733 + -b2?
651
In base 10, what is -1 - -140693?
140692
In base 12, what is b3 - 846?
-753
In base 14, what is -21464 - 1?
-21465
In base 4, what is -100231210 - -10?
-100231200
In base 4, what is 3330213 + 12?
3330231
In base 12, what is 4ba3 - b?
4b94
In base 7, what is -112362 - 0?
-112362
In base 10, what is 3 - -38481?
38484
In base 13, what is -2 + -1887?
-1889
In base 11, what is 2 - 7959?
-7957
In base 15, what is 40769 + -5?
40764
In base 10, what is -5488 - 37?
-5525
In base 13, what is -27 + -7929a?
-792c4
In base 8, what is 27317 + 20?
27337
In base 15, what is -4 - -70e08?
70e04
In base 9, what is -2 + 484?
482
In base 12, what is 88 - 214?
-148
In base 10, what is 244 - -532?
776
In base 16, what is bbf - 21?
b9e
In base 14, what is 618 - -3d9?
a13
In base 15, what is 1d + -1cbe?
-1ca1
In base 8, what is 52 + 1105?
1157
In base 14, what is -30 - -7a?
4a
In base 8, what is 3 - -52065?
52070
In base 12, what is -6445 + 1b?
-6426
In base 6, what is 1451043 - 0?
1451043
In base 10, what is -547518 + -3?
-547521
In base 8, what is -4 - 7034036?
-7034042
In base 3, what is -20221211 + -12?
-20222000
In base 6, what is 105550 + 35?
110025
In base 2, what is 1101010000000111 + 111011?
1101010001000010
In base 2, what is 11100111 - -11100111100?
100000100011
In base 5, what is 11 + -34343402?
-34343341
In base 11, what is -499 + -348?
-836
In base 6, what is -4031233 + -4?
-4031241
In base 3, what is -2012020012 + 10?
-2012020002
In base 6, what is -20 - 22?
-42
In base 10, what is -12868 + 0?
-12868
In base 5, what is 0 + -10420344?
-10420344
In base 4, what is -123013303 + 11?
-123013232
In base 10, what is -1 - -4074?
4073
In base 14, what is 22 + 75a7?
75c9
In base 4, what is -121330231 - -3?
-121330222
In base 3, what is 10 + -22212100?
-22212020
In base 6, what is -13342 + -230?
-14012
In base 5, what is -2204 - 3121?
-10330
In base 11, what is -8604 - 6?
-860a
In base 10, what is 0 + -31459?
-31459
In base 9, what is -82 + -735?
-827
In base 5, what is -124112 + 4344?
-114213
In base 4, what is 121310 - 3220?
112030
In base 14, what is -2243 - -2?
-2241
In base 12, what is 2223 + -20?
2203
In base 14, what is 2567 - 1c?
2549
In base 11, what is 2 + 10545?
10547
In base 4, what is 2 - -10303310?
10303312
In base 15, what is a - 2b87e?
-2b874
In base 4, what is 2 - -1200102?
1200110
In base 4, what is 10121131 - 2?
10121123
In base 4, what is -333302211 + -3?
-333302220
In base 16, what is -5844 - 5?
-5849
In base 5, what is 4 + 310043?
310102
In base 12, what is 3a0b + -2?
3a09
In base 6, what is -4 + 105512?
105504
In base 10, what is 27 - 2244?
-2217
In base 16, what is 21 + -49ab?
-498a
In base 5, what is -2 - 304104?
-304111
In base 14, what is 18d1 - 1?
18d0
In base 6, what is 1524 - -305?
2233
In base 10, what is 2207 - 55?
2152
In base 4, what is 3201 - 12321?
-3120
In base 16, what is 25 - 3cad?
-3c88
In base 16, what is -22752 + -6?
-22758
In base 15, what is -ae6b4 + 2?
-ae6b2
In base 15, what is -5 + 27ba4?
27b9e
In base 15, what is -3 + 15394?
15391
In base 5, what is 1040 - 10311?
-4221
In base 11, what is 140 + 54?
194
In base 4, what is -1 - -2032311?
2032310
In base 13, what is 4b64 - 10?
4b54
In base 13, what is -35 - -1118?
10b3
In base 16, what is -1 - -3979c?
3979b
In base 13, what is -1158c5 - -3?
-1158c2
In base 13, what is -1 - -162?
161
In base 16, what is 96 - 1b43?
-1aad
In base 10, what is -2030 - -73?
-1957
In base 4, what is 1322203 + -1?
1322202
In base 6, what is -4 + 102200?
102152
In base 9, what is -413 + 165?
-237
In base 15, what is 28b + 1563?
17ee
In base 6, what is 35320 + 25?
35345
In base 7, what is -100413 - 65?
-100511
In base 15, what is 2 - -5840?
5842
In base 2, what is -1111011000100001100 - 101?
-1111011000100010001
In base 5, what is -33331 - 22?
-33403
In base 3, what is -1100121 + -10021?
-1110212
In base 9, what is -62036 - -128?
-61807
In base 16, what is -20e62 + 3?
-20e5f
In base 9, what is 88336 + -1?
88335
In base 9, what is 14610 - -38?
14648
In base 15, what is -407 + -8d?
-495
In base 10, what is 7666 + -6?
7660
In base 5, what is 141 + 14123024?
14123220
In base 4, what is -32131 + -2313?
-101110
In base 6, what is 2 + -401215?
-401213
In base 12, what is 2703 - 16?
26a9
In base 3, what is 201001 - -102?
201110
In base 14, what is -102 + -1715?
-1817
In base 2, what is -10 - 10110110001000011100?
-10110110001000011110
In base 6, what is -3402 + 10?
-3352
In base 13, what is -197 + b1c3?
b029
In base 5, what is 2312120 + -140?
2311430
In base 10, what is 0 - 130?
-130
In base 9, what is 6 - -62281?
62287
In base 7, what is -60315 - 5?
-60323
In base 8, what is 5227 - 520?
4507
In base 14, what is -305a - -21d?
-2c3b
In base 7, what is 5 - -3432424?
3432432
In base 7, what is 12255 - -2?
12260
In base 14, what is -5 - 6740?
-6745
In base 16, what is 1 + 1f532?
1f533
In base 5, what is 0 - -12243402?
12243402
In base 2, what is -11 + 1100011100110?
1100011100011
In base 13, what is -32 - 8c47?
-8c79
In base 13, what is 41 - 76ba?
-7679
In base 7, what is 23 + -50664?
-50641
In base 11, what is 0 - -aaa01?
aaa01
In base 3, what is 102 - 11220012?
-11212210
In base 2, what is -1111101000011 + -11001010?
-10000000001101
In base 11, what is 19a7 + 77?
1a73
In base 7, what is -11 - -250?
236
In base 4, what is -10 + -1332020?
-1332030
In base 10, what is 8 - 2219?
-2211
In base 7, what is 6501 + -2544?
3624
In base 2, what is -1100 - 111111101001?
-111111110101
In base 3, what is 20222100 + 10?
20222110
In base 9, what is 74481 + 1?
74482
In base 15, what is -3 - -715e?
715b
In base 5, what is -114 + -204003?
-204122
In base 12, what is -53 - a45?
-a98
In base 9, what is -2715 + -216?
-3032
In base 14, what is -77 + 3ab?
334
In base 7, what is -112 + 2051?
1636
In base 13, what is -3 - -1b445?
1b442
In base 16, what is 138c45 + 6?
138c4b
In base 11, what is 0 + 40830?
40830
In base 3, what is 11 + -20020201?
-20020120
In base 4, what is -220 + -12000211?
-12001031
In base 13, what is 20 + -a0c?
-9bc
In base 13, what is 2a2 + -17?
288
In base 11, what is 305 - -1808?
2012
In base 3, what is 210 - 1000210022?
-1000202112
In base 10, what is -155 - 207?
-362
In base 4, what is 100121 + -23?
100032
In base 9, what is -46043 + 5?
-46037
In base 12, what is -336 + -73b?
-a75
In base 13, what is 389 - -c4?
480
In base 4, what is -2121030332 + -10?
-2121031002
In base 2, what is -11 + -11001101111?
-11001110010
In base 10, what is -2 + 24561?
24559
In base 14, what is 30a3 + -83?
3020
In base 5, what is -13432 + 210?
-13222
In base 4, what is -1321300012 - -3?
-1321300003
In base 14, what is 779 + -29?
750
In base 12, what is -5 - 859a?
-85a3
In base 6, what is -5315 - 335?
-10054
In base 7, what is -1 + 24563?
24562
In base 5, what is 20 + -2104444?
-2104424
In base 3, what is -1000010000 - 2?
-1000010002
In base 14, what is 8a + -4c43?
-4b97
In base 10, what is -692 + 152?
-540
In base 14, what is 6 + 2d0?
2d6
In base 12, what is -1aa - 882?
-a70
In base 15, what is -10b - -3c7?
2bb
In base 5, what is -10 - -210102?
210042
In base 12, what is 163 - 91?
92
In base 7, what is 2 - 6321053?
-6321051
In base 16, what is -2df - 234?
-513
In base 16, what is fbc3 + 1?
fbc4
In base 16, what is -870e0 + 4?
-870dc
In base 14, what is 37a5 + 8?
37ad
In base 11, what is -7 - 26433?
-2643a
In base 11, what is 6 - a485?
-a47a
In base 6, what is -2230123 + -4?
-2230131
In base 8, what is 113 - -1426?
1541
In base 9, what is 682540 + -4?
682535
In base 10, what is 41872 - -4?
41876
In ba